+ (-29 - -31) + 34 + -2
-45
Calculate (0 - -1) + 913 + -896 - (129 - 1).
-110
Calculate (-14 - -3 - 0 - (1 - 13)) + (56 - 0).
57
Calculate -1 + 2 + -5 + (-16 + 10 - -11 - 54).
-53
Evaluate (-127 - -227) + -125 + -38.
-63
Evaluate 24 + 29 + (-32 - 19).
2
Evaluate -46 + 150 - (45 - 1).
60
What is -64 - -39 - -1 - (-1 + 1 - -14)?
-38
5 + -2 + 5 + 1 + 1 + -1655 + 1649
4
What is the value of 2 + -1 + 4 - (40 + 20 + 0 - 22)?
-33
Calculate 27 + 2 + (-37 - (-53 - 2)).
47
What is the value of -8 + -36 - (-49 + 49 + (11 - -1))?
-56
Calculate 3 + 43 + -109 - 7.
-70
What is the value of 17 + 18 - (-21 - -14)?
42
Calculate 64 - 272 - -116 - (1 + 2 + -11).
-84
What is the value of 6 + 2 + -7 + 4 + 3 + -6 - -30?
32
38 + (-70 - (44 + -71)) + 106
101
What is 128 + -47 + -31 + -53?
-3
What is the value of -5 - (1 - -3) - (-1 + -18 - (-94 + 84))?
0
Calculate 11 + -1 + 2 + -3 + -59 + 36 + 72.
58
What is the value of -3 + 0 + -22 + -20 + -26 + 59?
-12
What is the value of 33 - (-15 + -3 + -7 + 16 - (-25 + 12))?
29
What is the value of 41 - (-62 + 14 + 32 - -26)?
31
Evaluate -10 + (18 + -8 - -12) + 4 + -14.
2
Calculate 69 - 1 - (-21148 - -21222).
-6
What is (0 - 27) + -46 + 47 - (7 - 1 - 4)?
-28
Evaluate (101 + -5 - (5 + -4)) + (-43 - 11) + 50.
91
What is the value of (-88 + 12 - -27 - -17) + 8 + -30?
-54
-4 + 32 - 2 - (-9514 + 9656)
-116
Calculate -52 - (-142 - (-122 + 37)).
5
What is the value of -51 + 52 - (26 + -3)?
-22
What is the value of (21 - 16) + (5 - (-6 - -21)) + 7?
2
Calculate -20 + 77 + -11 + -88.
-42
(24 - -2) + -2076 + 2087
37
Evaluate 37 - (0 + (-15 - -16) - (-2 + 5 + -15)).
24
Calculate -9 - 1 - (-2 - (60 + (3 + 34 - 19))).
70
24 + 8 + -61 + 89
60
Evaluate -17 + (-10 - ((-12 - 1) + -9)) + -5.
-10
What is the value of 2 - ((1 + -3 + 4 - (37 + -22)) + 114)?
-99
What is (9 - ((-13 - -2) + 4 + (-1 - -10))) + 8?
15
What is (3 - 1) + (399 - 383)?
18
What is the value of -40 - -86 - (75 + -94)?
65
Evaluate (26 - -1) + -2290 + 2286.
23
What is 107 - (65 + -33 + 32)?
43
(34 - 17) + (-22 - 2)
-7
Calculate -38 + (-108 + 50 - -40).
-56
Evaluate 2 + 100 + 1 + -7 + (-229 - -247).
114
Calculate (-59 - (12 - 57)) + (-1 - (1 - -34)).
-50
What is (2 - -6 - -6) + 37 + (17 - (38 - 4))?
34
(14 - -2) + 218 + -223 - -3
14
74 - (-112 + 8 - -172)
6
Evaluate (7 - 4 - -1 - (14 - 38) - 7) + 1.
22
What is -5 + (1 - 1) + -1219 + 1220 - (43 + 3)?
-50
What is 2 + 77 + -8 + -18 + -25?
28
Evaluate 45 - 17 - (-19 + (1 - -3) + 6).
37
-34 - (13 - 0 - 52)
5
Calculate -33 + 35 + (-1 - -2) - (-41 - 2) - 1.
45
What is the value of (2 - 3) + -26 - (699 - 689)?
-37
Calculate -1 - (-2330 + 2282 - (0 + -71)).
-24
What is (-7 + 3 - (-139 + 123)) + -3?
9
What is (1 - 2 - 5) + 63 - (276 + -273)?
54
-58 + 98 - (3 - -27)
10
What is the value of 101 + (90 - 179) + -63?
-51
What is the value of 20 - 33 - 1 - (-1 + -4)?
-9
Evaluate -476 + 539 - (-11 - 24).
98
Evaluate 53 - (-16 + (-8 - -51)).
26
What is the value of (101 - (135 - -2)) + -22 + 3?
-55
-104 + (22 - -2 - 6) + -26 + 2
-110
Calculate -417 + 400 - (-14 - -7).
-10
Evaluate 53 + -126 + -34 - 12.
-119
Evaluate -1 + (-31 - (-70 + 30) - (0 + 0 + -31)).
39
What is the value of 15 + 4 - (41 + 36 - 20)?
-38
-1 - (11 + -2) - (5 + -9 + -39)
33
Calculate -30 + 1 + -9 + 45.
7
Calculate (4 + 0 - (-11 - 3 - 15)) + (0 - -11).
44
What is 18417 + -18525 - (3 + (-1 - 0))?
-110
What is 15 - (45 - 15 - 18) - 0?
3
Calculate -10 + -24 + 83 + -3.
46
What is 122 + (136 - 39) + -254?
-35
What is (59 - 27) + 26 + 2?
60
Evaluate -14 + (77 - 142 - -71) + -42 + 1.
-49
Calculate -12 - ((-21 - (-10 + -2)) + 11) - 19.
-33
Calculate -11 - (-53 + 61 - 34).
15
What is the value of -50 - -125 - 47 - (53 + 0)?
-25
What is the value of -21 + (16 - (12 - (18 + -20)))?
-19
-24 - (-19 + -38 + 37)
-4
Evaluate -41 - (-51 - (-4 + 49)).
55
What is the value of (15 - 24 - (-16 - -2)) + -62?
-57
(-75 - (-1 + 0)) + (4866 - 4857)
-65
95 + 119 + -122 + -12 + 1 + -3
78
What is 0 + 42 - (-15 + (23 - 30) + 31)?
33
1 + 16 + (-19 - 0) + 2 + 0
0
Evaluate 2 - (-41 + 9) - 21.
13
Calculate -6 - 13 - -140 - (80 + -42).
83
(5 - (34 - 6)) + 13 - -96
86
Evaluate -72 + (41 - 23) + 27 + -3.
-30
-24 + (8 - -26 - -17)
27
What is the value of -1 - (6 + (1 - -2)) - -155 - (26 + -34)?
153
(0 + 11 + 0 - (199 - 192) - -4) + -10
-2
What is the value of (-102 - -96 - (-1 + (-10 - 0) - -2)) + -20?
-17
What is the value of 3186 - 3183 - (-7 + -1)?
11
-53 + (-49 - -115 - 47)
-34
What is -18 + ((3 - 3) + 9 - (0 - -18 - 17))?
-10
Calculate -77 - (92 + -172) - 30.
-27
-73 + 55 + -47 - -48
-17
What is the value of -14 - (-12 - -2) - (-4 - 11) - 20?
-9
-37 + (-10 + 29 + (2 - (-4 + 15)) - 12)
-39
Calculate -13 + 0 - ((-72 - (31 - 55)) + 32) - 73.
-70
What is (-26 - -8) + -46 + 61?
-3
What is (86 + -15 - 48) + 20?
43
-9 - (-23 - 0 - (-69 + 25 + 39))
9
Evaluate 15 - (-29 - 2) - 19.
27
Evaluate -8 - (-1 + -2) - -3 - (-9 + (-55 - -1)).
61
-89 + (64 - 67 - -16)
-76
13 + (2 - (0 - 0) - (-2439 + 2441))
13
Calculate 0 + -11 + -2 + (6 - 24) + 23.
-8
What is the value of -490 + 483 + (3 - 38) - 14?
-56
(38 - (-4 - -5)) + -55 + (48 - 1)
29
Evaluate -42 + (-17 + 43 - 13) - 12.
-41
Calculate -62 + 46 - (-6 + 6 - (49 + 5)).
38
-15 - (-73 + (-93 - -102))
49
What is the value of (43 - 73) + 16 + 1 + -4 + -1?
-18
What is (8 - (-20 - (-7 + -8 + 10))) + 37 + -26?
34
Calculate -1 - 18 - ((-87 - -121) + 25 + 0).
-78
(12 - (11 + -3) - -21) + (-14 - (4 - 13))
20
What is -1 + 47 - (14 - (-4 - (9 - (-15 - -51))))?
55
What is the value of -38 - 2 - (30 + (17 - 55))?
-32
What is the value of -6 - (21 + 39 - (-1 - 5 - (-12 + 12)))?
-72
20 + -27 + -27 + 35 - (1 + 9)
-9
What is the value of -12 + (10 - 1) + (16 - (15 - (25 - 28)))?
-5
Calculate -7 + 9 - 4 - -12 - (-9 + (69 - -11)).
-61
What is (-1516 - -1519 - (-2 - (-1 + 1 + 2))) + -53?
-46
Evaluate 384 - 416 - (3 + 4 - 48).
9
13 + -1 + 0 + (5 - (-48 + 58)) - 56
-49
Calculate (45 - 6) + -45 - (86 - ((6 - 4) + 1)).
-89
Calculate 7 + 1 + -1199 + 1158 + 7.
-26
What is the value of (1 - 3) + 2 + 1 - (-66 + 183 + -194)?
78
What is the value of 42 - (-23 - -43) - (-26 - -18)?
30
Evaluate 121 - (-97 + 215) - (1 - -43).
-41
Evaluate 117 + (-1015 - -994) + -18 + 0.
78
Calculate 2 + -3 + 14 - 0 - (501 - 76 - 383).
-29
Calculate -95 + (-138 - -324) - (25 + 0).
66
Evaluate -47 + (24 - (43 - 27)) + -8 + 0.
-47
Evaluate 3 - (-26 + (2 - -11)) - (-19 - 3 - 10).
48
Calculate -17 + -1 + -7 - (-2 + 5 + -2).
-26
Calculate -34 + (123 - 130) + -34.
-75
What is the value of 9 + (-28 - 4) + -66?
-89
2 + -5 + (-21 + 13 - -6) - (-10 + 15)
-10
Calculate (-45 + -21 - (5 + -10)) + -11 + (1 - 0).
-71
Calculate -2 + -64 + -12 + (7 + 10 - 26).
-87
What is 2 + -1 + (81 - 117)?
-35
Evaluate 0 + -64 - -68 - 67.
-63
What is 27 + (-20 - (0 + -22 + 3))?
26
What is the value of -139 + (6 - -3 - 18 - -9) - (-4 + 11)?
-146
Evaluate 2 - -48 - (17 - (-41 + 51 + 4 + -2)).
45
238 - -15 - 146 - (0 + 18 - 0)
89
6 - -6 - (516 + -458)
-46
Calculate -8 - (-30 - (0 - (-31 - -12))).
41
What is the value of 5612 + -5604 - ((2 - 4) + 13)?
-3
What is 24 - (-1 + 4 - -41)?
-20
What is (14 - (9 + -14 + 19)) + 11 - 96?
-85
What is the value of -249 - (-77 + 50 - 126)?
-96
(-9 + 10 - (0 - -34) - (-23 - -28)) + 6
-32
What is the value of (1 - 55) + (280 - 297)?
-71
What is the value of 140 + -23 + -229 - -81?
-31
Calculate 1 - (4 + 0) - 9 - (-16 - -25).
-21
Evaluate -220 + 95 + 6 + 45.
-74
What is 10 + (22 - 9) + 56 + -18?
61
Evaluate -59 + 214 + -120 + 72.
107
What is the value of -15 + 134 + -144 - 80?
-105
What is the value of -8 - (-59 + -5 + 10 - (12 - 19))?
39
Calculate (-86 - (-4 - 21)) + 21 - -17.
-23
What is the value of -36 + 27 + 46 - 61?
-24
What is the value of 2 - (64 - 58) - (-1 - (-1 - -31))?
27
What is (-141 + 198 - 42) + (1 - -9)?
25
Evaluate 8 + (-49 - -39) + 22.
20
Evaluate -21 + (4 + -46 - -3) + -13.
-73
Calculate -22 + -23 - (121 - 128).
-38
What is (-3 - (30 + -3 + 6)) + (466 - 475)?
-45
What is (40 - 82) + (11 - (-6 + 22) - -7)?
-40
What is (4 - (33 + -16)) + (-13 - -28)?
2
Evaluate -87 - (5 + -31 + -95).
34
What is the value of 15 + -26 + 10 + -4 + -1?
-6
What is the value of (-2 + 15 - 2 - (62 + -61)) + -21?
-11
Evaluate 23 + (-25 - (2 - (-9 - -7))).
-6
Evaluate 33 + (1 + 13 - (55 - (-19 + 51))).
24
Evaluate -24 + -15 + 0 + 0.
-